{"id":570,"date":"2018-01-25T13:16:54","date_gmt":"2018-01-25T12:16:54","guid":{"rendered":"http:\/\/kinkyclub.fr\/?page_id=570"},"modified":"2021-08-02T15:01:56","modified_gmt":"2021-08-02T13:01:56","slug":"temoignages-recits-et-autres-polissonneries-au-kinky-club","status":"publish","type":"page","link":"https:\/\/kinkyclub.fr\/index.php\/temoignages-recits-et-autres-polissonneries-au-kinky-club\/","title":{"rendered":"T\u00e9moignages, r\u00e9cits et autres polissonneries au Kinky Club"},"content":{"rendered":"<div id=\"tdi_1\" class=\"tdc-zone\"><div class=\"tdc_zone tdi_2  wpb_row td-pb-row\"  >\n<style scoped>\n\/* custom css - generated by TagDiv Composer *\/\n\n\/* custom css - generated by TagDiv Composer *\/\n.tdi_2{\r\n                    min-height: 0;\r\n                }\n<\/style><div id=\"tdi_3\" class=\"tdc-row\"><div class=\"vc_row tdi_4  wpb_row td-pb-row\" >\n<style scoped>\n\/* custom css - generated by TagDiv Composer *\/\n\n\/* custom css - generated by TagDiv Composer *\/\n.tdi_4,\r\n                .tdi_4 .tdc-columns{\r\n                    min-height: 0;\r\n                }.tdi_4,\r\n\t\t\t\t.tdi_4 .tdc-columns{\r\n\t\t\t\t    display: block;\r\n\t\t\t\t}.tdi_4 .tdc-columns{\r\n\t\t\t\t    width: 100%;\r\n\t\t\t\t}.tdi_4:before,\r\n\t\t\t\t.tdi_4:after{\r\n\t\t\t\t    display: table;\r\n\t\t\t\t}\n<\/style><div class=\"vc_column tdi_6  wpb_column vc_column_container tdc-column td-pb-span12\">\n<style scoped>\n\/* custom css - generated by TagDiv Composer *\/\n\n\/* custom css - generated by TagDiv Composer *\/\n.tdi_6{\r\n                    vertical-align: baseline;\r\n                }.tdi_6 > .wpb_wrapper,\r\n\t\t\t\t.tdi_6 > .wpb_wrapper > .tdc-elements{\r\n\t\t\t\t    display: block;\r\n\t\t\t\t}.tdi_6 > .wpb_wrapper > .tdc-elements{\r\n\t\t\t\t    width: 100%;\r\n\t\t\t\t}.tdi_6 > .wpb_wrapper > .vc_row_inner{\r\n\t\t\t\t    width: auto;\r\n\t\t\t\t}.tdi_6 > .wpb_wrapper{\r\n\t\t\t\t    width: auto;\r\n\t\t\t\t    height: auto;\r\n\t\t\t\t}\n<\/style><div class=\"wpb_wrapper\" ><div class=\"td_block_wrap td_block_5 tdi_7 td_with_ajax_pagination td-pb-border-top td_block_template_1 td-column-3 td_block_padding\"  data-td-block-uid=\"tdi_7\" ><script>var block_tdi_7 = new tdBlock();\nblock_tdi_7.id = \"tdi_7\";\nblock_tdi_7.atts = '{\"category_id\":\"11\",\"limit\":\"6\",\"offset\":\"0\",\"ajax_pagination\":\"load_more\",\"td_ajax_filter_type\":\"\",\"sort\":\"oldest_posts\",\"block_type\":\"td_block_5\",\"separator\":\"\",\"custom_title\":\"\",\"custom_url\":\"\",\"block_template_id\":\"\",\"m3_tl\":\"\",\"post_ids\":\"\",\"taxonomies\":\"\",\"category_ids\":\"\",\"in_all_terms\":\"\",\"tag_slug\":\"\",\"autors_id\":\"\",\"installed_post_types\":\"\",\"include_cf_posts\":\"\",\"exclude_cf_posts\":\"\",\"popular_by_date\":\"\",\"linked_posts\":\"\",\"favourite_only\":\"\",\"open_in_new_window\":\"\",\"show_modified_date\":\"\",\"time_ago\":\"\",\"time_ago_add_txt\":\"ago\",\"time_ago_txt_pos\":\"\",\"review_source\":\"\",\"el_class\":\"\",\"td_ajax_filter_ids\":\"\",\"td_filter_default_txt\":\"All\",\"td_ajax_preloading\":\"\",\"f_header_font_header\":\"\",\"f_header_font_title\":\"Block header\",\"f_header_font_settings\":\"\",\"f_header_font_family\":\"\",\"f_header_font_size\":\"\",\"f_header_font_line_height\":\"\",\"f_header_font_style\":\"\",\"f_header_font_weight\":\"\",\"f_header_font_transform\":\"\",\"f_header_font_spacing\":\"\",\"f_header_\":\"\",\"f_ajax_font_title\":\"Ajax categories\",\"f_ajax_font_settings\":\"\",\"f_ajax_font_family\":\"\",\"f_ajax_font_size\":\"\",\"f_ajax_font_line_height\":\"\",\"f_ajax_font_style\":\"\",\"f_ajax_font_weight\":\"\",\"f_ajax_font_transform\":\"\",\"f_ajax_font_spacing\":\"\",\"f_ajax_\":\"\",\"f_more_font_title\":\"Load more button\",\"f_more_font_settings\":\"\",\"f_more_font_family\":\"\",\"f_more_font_size\":\"\",\"f_more_font_line_height\":\"\",\"f_more_font_style\":\"\",\"f_more_font_weight\":\"\",\"f_more_font_transform\":\"\",\"f_more_font_spacing\":\"\",\"f_more_\":\"\",\"m3f_title_font_header\":\"\",\"m3f_title_font_title\":\"Article title\",\"m3f_title_font_settings\":\"\",\"m3f_title_font_family\":\"\",\"m3f_title_font_size\":\"\",\"m3f_title_font_line_height\":\"\",\"m3f_title_font_style\":\"\",\"m3f_title_font_weight\":\"\",\"m3f_title_font_transform\":\"\",\"m3f_title_font_spacing\":\"\",\"m3f_title_\":\"\",\"m3f_cat_font_title\":\"Article category tag\",\"m3f_cat_font_settings\":\"\",\"m3f_cat_font_family\":\"\",\"m3f_cat_font_size\":\"\",\"m3f_cat_font_line_height\":\"\",\"m3f_cat_font_style\":\"\",\"m3f_cat_font_weight\":\"\",\"m3f_cat_font_transform\":\"\",\"m3f_cat_font_spacing\":\"\",\"m3f_cat_\":\"\",\"m3f_meta_font_title\":\"Article meta info\",\"m3f_meta_font_settings\":\"\",\"m3f_meta_font_family\":\"\",\"m3f_meta_font_size\":\"\",\"m3f_meta_font_line_height\":\"\",\"m3f_meta_font_style\":\"\",\"m3f_meta_font_weight\":\"\",\"m3f_meta_font_transform\":\"\",\"m3f_meta_font_spacing\":\"\",\"m3f_meta_\":\"\",\"ajax_pagination_next_prev_swipe\":\"\",\"ajax_pagination_infinite_stop\":\"\",\"css\":\"\",\"tdc_css\":\"\",\"td_column_number\":3,\"header_color\":\"\",\"color_preset\":\"\",\"border_top\":\"\",\"class\":\"tdi_7\",\"tdc_css_class\":\"tdi_7\",\"tdc_css_class_style\":\"tdi_7_rand_style\"}';\nblock_tdi_7.td_column_number = \"3\";\nblock_tdi_7.block_type = \"td_block_5\";\nblock_tdi_7.post_count = \"6\";\nblock_tdi_7.found_posts = \"22\";\nblock_tdi_7.header_color = \"\";\nblock_tdi_7.ajax_pagination_infinite_stop = \"\";\nblock_tdi_7.max_num_pages = \"4\";\ntdBlocksArray.push(block_tdi_7);\n<\/script><div class=\"td-block-title-wrap\"><\/div><div id=tdi_7 class=\"td_block_inner\">\n\n\t<div class=\"td-block-row\">\n\n\t<div class=\"td-block-span4\">\n\r\n        <div class=\"td_module_3 td_module_wrap td-animation-stack\">\r\n            <div class=\"td-module-image\">\r\n                <div class=\"td-module-thumb\"><a href=\"https:\/\/kinkyclub.fr\/index.php\/2017\/12\/07\/un-gouter-au-kinky-club-vecu-narre-par-camille\/\"  rel=\"bookmark\" class=\"td-image-wrap \" title=\"Un Go\u00fbter au Kinky Club v\u00e9cu &#038; narr\u00e9 par Camille\" ><img loading=\"lazy\" decoding=\"async\" width=\"324\" height=\"235\" class=\"entry-thumb\" src=\"https:\/\/kinkyclub.fr\/wp-content\/uploads\/2017\/11\/DVP_5203-324x235.jpg\"   alt=\"\" title=\"Un Go\u00fbter au Kinky Club v\u00e9cu &#038; narr\u00e9 par Camille\" \/><\/a><\/div>                            <\/div>\r\n            <h3 class=\"entry-title td-module-title\"><a href=\"https:\/\/kinkyclub.fr\/index.php\/2017\/12\/07\/un-gouter-au-kinky-club-vecu-narre-par-camille\/\"  rel=\"bookmark\" title=\"Un Go\u00fbter au Kinky Club v\u00e9cu &#038; narr\u00e9 par Camille\">Un Go\u00fbter au Kinky Club v\u00e9cu &#038; narr\u00e9 par Camille<\/a><\/h3>\r\n\r\n            <div class=\"td-module-meta-info\">\r\n                                <span class=\"td-post-date\"><time class=\"entry-date updated td-module-date\" datetime=\"2017-12-07T21:27:47+01:00\" >7 d\u00e9cembre 2017<\/time><\/span>                            <\/div>\r\n\r\n            \r\n        <\/div>\r\n\r\n        \n\t<\/div> <!-- .\/td-block-span4 -->\n\n\t<div class=\"td-block-span4\">\n\r\n        <div class=\"td_module_3 td_module_wrap td-animation-stack\">\r\n            <div class=\"td-module-image\">\r\n                <div class=\"td-module-thumb\"><a href=\"https:\/\/kinkyclub.fr\/index.php\/2017\/12\/10\/1ers-pas-dans-le-bdsm-par-mlle-a\/\"  rel=\"bookmark\" class=\"td-image-wrap \" title=\"1ers pas dans le Bdsm par Mlle. A.\" ><img loading=\"lazy\" decoding=\"async\" width=\"324\" height=\"235\" class=\"entry-thumb\" src=\"https:\/\/kinkyclub.fr\/wp-content\/uploads\/2017\/12\/DVP_2363-324x235.jpg\"   alt=\"\" title=\"1ers pas dans le Bdsm par Mlle. A.\" \/><\/a><\/div>                            <\/div>\r\n            <h3 class=\"entry-title td-module-title\"><a href=\"https:\/\/kinkyclub.fr\/index.php\/2017\/12\/10\/1ers-pas-dans-le-bdsm-par-mlle-a\/\"  rel=\"bookmark\" title=\"1ers pas dans le Bdsm par Mlle. A.\">1ers pas dans le Bdsm par Mlle. A.<\/a><\/h3>\r\n\r\n            <div class=\"td-module-meta-info\">\r\n                                <span class=\"td-post-date\"><time class=\"entry-date updated td-module-date\" datetime=\"2017-12-10T23:29:37+01:00\" >10 d\u00e9cembre 2017<\/time><\/span>                            <\/div>\r\n\r\n            \r\n        <\/div>\r\n\r\n        \n\t<\/div> <!-- .\/td-block-span4 -->\n\n\t<div class=\"td-block-span4\">\n\r\n        <div class=\"td_module_3 td_module_wrap td-animation-stack\">\r\n            <div class=\"td-module-image\">\r\n                <div class=\"td-module-thumb\"><a href=\"https:\/\/kinkyclub.fr\/index.php\/2017\/12\/19\/431\/\"  rel=\"bookmark\" class=\"td-image-wrap \" title=\"Soumise \u00e0 un couple devant mon mari&#8230; ma premi\u00e8re exp\u00e9rience Bdsm\" ><img loading=\"lazy\" decoding=\"async\" width=\"324\" height=\"235\" class=\"entry-thumb\" src=\"https:\/\/kinkyclub.fr\/wp-content\/uploads\/2017\/12\/DVP_5267-324x235.jpg\"   alt=\"\" title=\"Soumise \u00e0 un couple devant mon mari&#8230; ma premi\u00e8re exp\u00e9rience Bdsm\" \/><\/a><\/div>                            <\/div>\r\n            <h3 class=\"entry-title td-module-title\"><a href=\"https:\/\/kinkyclub.fr\/index.php\/2017\/12\/19\/431\/\"  rel=\"bookmark\" title=\"Soumise \u00e0 un couple devant mon mari&#8230; ma premi\u00e8re exp\u00e9rience Bdsm\">Soumise \u00e0 un couple devant mon mari&#8230; ma premi\u00e8re exp\u00e9rience Bdsm<\/a><\/h3>\r\n\r\n            <div class=\"td-module-meta-info\">\r\n                                <span class=\"td-post-date\"><time class=\"entry-date updated td-module-date\" datetime=\"2017-12-19T12:00:22+01:00\" >19 d\u00e9cembre 2017<\/time><\/span>                            <\/div>\r\n\r\n            \r\n        <\/div>\r\n\r\n        \n\t<\/div> <!-- .\/td-block-span4 --><\/div><!--.\/row-fluid-->\n\n\t<div class=\"td-block-row\">\n\n\t<div class=\"td-block-span4\">\n\r\n        <div class=\"td_module_3 td_module_wrap td-animation-stack\">\r\n            <div class=\"td-module-image\">\r\n                <div class=\"td-module-thumb\"><a href=\"https:\/\/kinkyclub.fr\/index.php\/2018\/03\/28\/le-kinky-club-raconte-par-daniel-une-ode-a-calamity-steph-et-a-dirtyvonp\/\"  rel=\"bookmark\" class=\"td-image-wrap \" title=\"Le Kinky Club racont\u00e9 par Daniel&#8230; Une \u00f4de \u00e0 Calamity Steph et \u00e0 DirtyVonP\" ><img loading=\"lazy\" decoding=\"async\" width=\"324\" height=\"235\" class=\"entry-thumb\" src=\"https:\/\/kinkyclub.fr\/wp-content\/uploads\/2018\/03\/DVP_5566-324x235.jpg\"   alt=\"\" title=\"Le Kinky Club racont\u00e9 par Daniel&#8230; Une \u00f4de \u00e0 Calamity Steph et \u00e0 DirtyVonP\" \/><\/a><\/div>                            <\/div>\r\n            <h3 class=\"entry-title td-module-title\"><a href=\"https:\/\/kinkyclub.fr\/index.php\/2018\/03\/28\/le-kinky-club-raconte-par-daniel-une-ode-a-calamity-steph-et-a-dirtyvonp\/\"  rel=\"bookmark\" title=\"Le Kinky Club racont\u00e9 par Daniel&#8230; Une \u00f4de \u00e0 Calamity Steph et \u00e0 DirtyVonP\">Le Kinky Club racont\u00e9 par Daniel&#8230; Une \u00f4de \u00e0 Calamity Steph...<\/a><\/h3>\r\n\r\n            <div class=\"td-module-meta-info\">\r\n                                <span class=\"td-post-date\"><time class=\"entry-date updated td-module-date\" datetime=\"2018-03-28T18:31:22+02:00\" >28 mars 2018<\/time><\/span>                            <\/div>\r\n\r\n            \r\n        <\/div>\r\n\r\n        \n\t<\/div> <!-- .\/td-block-span4 -->\n\n\t<div class=\"td-block-span4\">\n\r\n        <div class=\"td_module_3 td_module_wrap td-animation-stack\">\r\n            <div class=\"td-module-image\">\r\n                <div class=\"td-module-thumb\"><a href=\"https:\/\/kinkyclub.fr\/index.php\/2018\/05\/06\/le-kinkyclub-dans-les-cordes-de-dirtyvonp-par-mme-m\/\"  rel=\"bookmark\" class=\"td-image-wrap \" title=\"Le KinkyClub dans les cordes de DirtyVonP par Mme M\" ><img loading=\"lazy\" decoding=\"async\" width=\"324\" height=\"235\" class=\"entry-thumb\" src=\"https:\/\/kinkyclub.fr\/wp-content\/uploads\/2018\/05\/2985B59B-EF8F-435D-BBC5-ACC191184FC2-324x235.jpeg\"   alt=\"\" title=\"Le KinkyClub dans les cordes de DirtyVonP par Mme M\" \/><\/a><\/div>                            <\/div>\r\n            <h3 class=\"entry-title td-module-title\"><a href=\"https:\/\/kinkyclub.fr\/index.php\/2018\/05\/06\/le-kinkyclub-dans-les-cordes-de-dirtyvonp-par-mme-m\/\"  rel=\"bookmark\" title=\"Le KinkyClub dans les cordes de DirtyVonP par Mme M\">Le KinkyClub dans les cordes de DirtyVonP par Mme M<\/a><\/h3>\r\n\r\n            <div class=\"td-module-meta-info\">\r\n                                <span class=\"td-post-date\"><time class=\"entry-date updated td-module-date\" datetime=\"2018-05-06T21:11:10+02:00\" >6 mai 2018<\/time><\/span>                            <\/div>\r\n\r\n            \r\n        <\/div>\r\n\r\n        \n\t<\/div> <!-- .\/td-block-span4 -->\n\n\t<div class=\"td-block-span4\">\n\r\n        <div class=\"td_module_3 td_module_wrap td-animation-stack\">\r\n            <div class=\"td-module-image\">\r\n                <div class=\"td-module-thumb\"><a href=\"https:\/\/kinkyclub.fr\/index.php\/2018\/05\/15\/la-premiere-soumission-de-o-par-madame-m\/\"  rel=\"bookmark\" class=\"td-image-wrap \" title=\"La premi\u00e8re soumission de O, par Madame M\" ><img loading=\"lazy\" decoding=\"async\" width=\"324\" height=\"235\" class=\"entry-thumb\" src=\"https:\/\/kinkyclub.fr\/wp-content\/uploads\/2018\/02\/DVP_9168-324x235.jpg\"   alt=\"\" title=\"La premi\u00e8re soumission de O, par Madame M\" \/><\/a><\/div>                            <\/div>\r\n            <h3 class=\"entry-title td-module-title\"><a href=\"https:\/\/kinkyclub.fr\/index.php\/2018\/05\/15\/la-premiere-soumission-de-o-par-madame-m\/\"  rel=\"bookmark\" title=\"La premi\u00e8re soumission de O, par Madame M\">La premi\u00e8re soumission de O, par Madame M<\/a><\/h3>\r\n\r\n            <div class=\"td-module-meta-info\">\r\n                                <span class=\"td-post-date\"><time class=\"entry-date updated td-module-date\" datetime=\"2018-05-15T18:40:18+02:00\" >15 mai 2018<\/time><\/span>                            <\/div>\r\n\r\n            \r\n        <\/div>\r\n\r\n        \n\t<\/div> <!-- .\/td-block-span4 --><\/div><!--.\/row-fluid--><\/div><div class=\"td-load-more-wrap\"><a href=\"#\" class=\"td_ajax_load_more td_ajax_load_more_js\" aria-label=\"Voir plus\" id=\"next-page-tdi_7\" data-td_block_id=\"tdi_7\">Voir plus<i class=\"td-load-more-icon td-icon-font td-icon-menu-right\"><\/i><\/a><\/div><\/div> <!-- .\/block --><\/div><\/div><\/div><\/div><\/div><\/div>","protected":false},"excerpt":{"rendered":"","protected":false},"author":1,"featured_media":0,"parent":0,"menu_order":0,"comment_status":"closed","ping_status":"closed","template":"page-pagebuilder-title.php","meta":{"footnotes":""},"class_list":["post-570","page","type-page","status-publish"],"yoast_head":"<!-- This site is optimized with the Yoast SEO plugin v27.3 - https:\/\/yoast.com\/product\/yoast-seo-wordpress\/ -->\n<title>T\u00e9moignages, r\u00e9cits et autres polissonneries au Kinky Club - Kinky Club : vid\u00e9os de Kinbaku<\/title>\n<meta name=\"robots\" content=\"index, follow, max-snippet:-1, max-image-preview:large, max-video-preview:-1\" \/>\n<link rel=\"canonical\" href=\"https:\/\/kinkyclub.fr\/index.php\/temoignages-recits-et-autres-polissonneries-au-kinky-club\/\" \/>\n<meta property=\"og:locale\" content=\"fr_FR\" \/>\n<meta property=\"og:type\" content=\"article\" \/>\n<meta property=\"og:title\" content=\"T\u00e9moignages, r\u00e9cits et autres polissonneries au Kinky Club - Kinky Club : vid\u00e9os de Kinbaku\" \/>\n<meta property=\"og:url\" content=\"https:\/\/kinkyclub.fr\/index.php\/temoignages-recits-et-autres-polissonneries-au-kinky-club\/\" \/>\n<meta property=\"og:site_name\" content=\"Kinky Club : vid\u00e9os de Kinbaku\" \/>\n<meta property=\"article:publisher\" content=\"https:\/\/www.facebook.com\/kinkyclubparis\" \/>\n<meta property=\"article:modified_time\" content=\"2021-08-02T13:01:56+00:00\" \/>\n<meta name=\"twitter:card\" content=\"summary_large_image\" \/>\n<meta name=\"twitter:site\" content=\"@kinkyclub\" \/>\n<script type=\"application\/ld+json\" class=\"yoast-schema-graph\">{\"@context\":\"https:\\\/\\\/schema.org\",\"@graph\":[{\"@type\":\"WebPage\",\"@id\":\"https:\\\/\\\/kinkyclub.fr\\\/index.php\\\/temoignages-recits-et-autres-polissonneries-au-kinky-club\\\/\",\"url\":\"https:\\\/\\\/kinkyclub.fr\\\/index.php\\\/temoignages-recits-et-autres-polissonneries-au-kinky-club\\\/\",\"name\":\"T\u00e9moignages, r\u00e9cits et autres polissonneries au Kinky Club - Kinky Club : vid\u00e9os de Kinbaku\",\"isPartOf\":{\"@id\":\"https:\\\/\\\/kinkyclub.fr\\\/#website\"},\"datePublished\":\"2018-01-25T12:16:54+00:00\",\"dateModified\":\"2021-08-02T13:01:56+00:00\",\"breadcrumb\":{\"@id\":\"https:\\\/\\\/kinkyclub.fr\\\/index.php\\\/temoignages-recits-et-autres-polissonneries-au-kinky-club\\\/#breadcrumb\"},\"inLanguage\":\"fr-FR\",\"potentialAction\":[{\"@type\":\"ReadAction\",\"target\":[\"https:\\\/\\\/kinkyclub.fr\\\/index.php\\\/temoignages-recits-et-autres-polissonneries-au-kinky-club\\\/\"]}]},{\"@type\":\"BreadcrumbList\",\"@id\":\"https:\\\/\\\/kinkyclub.fr\\\/index.php\\\/temoignages-recits-et-autres-polissonneries-au-kinky-club\\\/#breadcrumb\",\"itemListElement\":[{\"@type\":\"ListItem\",\"position\":1,\"name\":\"Home\",\"item\":\"https:\\\/\\\/kinkyclub.fr\\\/\"},{\"@type\":\"ListItem\",\"position\":2,\"name\":\"T\u00e9moignages, r\u00e9cits et autres polissonneries au Kinky Club\"}]},{\"@type\":\"WebSite\",\"@id\":\"https:\\\/\\\/kinkyclub.fr\\\/#website\",\"url\":\"https:\\\/\\\/kinkyclub.fr\\\/\",\"name\":\"Kinky Club : vid\u00e9os de Kinbaku\",\"description\":\"Raw Kinbaku. La corde ne ment jamais.\",\"potentialAction\":[{\"@type\":\"SearchAction\",\"target\":{\"@type\":\"EntryPoint\",\"urlTemplate\":\"https:\\\/\\\/kinkyclub.fr\\\/?s={search_term_string}\"},\"query-input\":{\"@type\":\"PropertyValueSpecification\",\"valueRequired\":true,\"valueName\":\"search_term_string\"}}],\"inLanguage\":\"fr-FR\"}]}<\/script>\n<!-- \/ Yoast SEO plugin. -->","yoast_head_json":{"title":"T\u00e9moignages, r\u00e9cits et autres polissonneries au Kinky Club - Kinky Club : vid\u00e9os de Kinbaku","robots":{"index":"index","follow":"follow","max-snippet":"max-snippet:-1","max-image-preview":"max-image-preview:large","max-video-preview":"max-video-preview:-1"},"canonical":"https:\/\/kinkyclub.fr\/index.php\/temoignages-recits-et-autres-polissonneries-au-kinky-club\/","og_locale":"fr_FR","og_type":"article","og_title":"T\u00e9moignages, r\u00e9cits et autres polissonneries au Kinky Club - Kinky Club : vid\u00e9os de Kinbaku","og_url":"https:\/\/kinkyclub.fr\/index.php\/temoignages-recits-et-autres-polissonneries-au-kinky-club\/","og_site_name":"Kinky Club : vid\u00e9os de Kinbaku","article_publisher":"https:\/\/www.facebook.com\/kinkyclubparis","article_modified_time":"2021-08-02T13:01:56+00:00","twitter_card":"summary_large_image","twitter_site":"@kinkyclub","schema":{"@context":"https:\/\/schema.org","@graph":[{"@type":"WebPage","@id":"https:\/\/kinkyclub.fr\/index.php\/temoignages-recits-et-autres-polissonneries-au-kinky-club\/","url":"https:\/\/kinkyclub.fr\/index.php\/temoignages-recits-et-autres-polissonneries-au-kinky-club\/","name":"T\u00e9moignages, r\u00e9cits et autres polissonneries au Kinky Club - Kinky Club : vid\u00e9os de Kinbaku","isPartOf":{"@id":"https:\/\/kinkyclub.fr\/#website"},"datePublished":"2018-01-25T12:16:54+00:00","dateModified":"2021-08-02T13:01:56+00:00","breadcrumb":{"@id":"https:\/\/kinkyclub.fr\/index.php\/temoignages-recits-et-autres-polissonneries-au-kinky-club\/#breadcrumb"},"inLanguage":"fr-FR","potentialAction":[{"@type":"ReadAction","target":["https:\/\/kinkyclub.fr\/index.php\/temoignages-recits-et-autres-polissonneries-au-kinky-club\/"]}]},{"@type":"BreadcrumbList","@id":"https:\/\/kinkyclub.fr\/index.php\/temoignages-recits-et-autres-polissonneries-au-kinky-club\/#breadcrumb","itemListElement":[{"@type":"ListItem","position":1,"name":"Home","item":"https:\/\/kinkyclub.fr\/"},{"@type":"ListItem","position":2,"name":"T\u00e9moignages, r\u00e9cits et autres polissonneries au Kinky Club"}]},{"@type":"WebSite","@id":"https:\/\/kinkyclub.fr\/#website","url":"https:\/\/kinkyclub.fr\/","name":"Kinky Club : vid\u00e9os de Kinbaku","description":"Raw Kinbaku. La corde ne ment jamais.","potentialAction":[{"@type":"SearchAction","target":{"@type":"EntryPoint","urlTemplate":"https:\/\/kinkyclub.fr\/?s={search_term_string}"},"query-input":{"@type":"PropertyValueSpecification","valueRequired":true,"valueName":"search_term_string"}}],"inLanguage":"fr-FR"}]}},"_links":{"self":[{"href":"https:\/\/kinkyclub.fr\/index.php\/wp-json\/wp\/v2\/pages\/570","targetHints":{"allow":["GET"]}}],"collection":[{"href":"https:\/\/kinkyclub.fr\/index.php\/wp-json\/wp\/v2\/pages"}],"about":[{"href":"https:\/\/kinkyclub.fr\/index.php\/wp-json\/wp\/v2\/types\/page"}],"author":[{"embeddable":true,"href":"https:\/\/kinkyclub.fr\/index.php\/wp-json\/wp\/v2\/users\/1"}],"replies":[{"embeddable":true,"href":"https:\/\/kinkyclub.fr\/index.php\/wp-json\/wp\/v2\/comments?post=570"}],"version-history":[{"count":11,"href":"https:\/\/kinkyclub.fr\/index.php\/wp-json\/wp\/v2\/pages\/570\/revisions"}],"predecessor-version":[{"id":4000,"href":"https:\/\/kinkyclub.fr\/index.php\/wp-json\/wp\/v2\/pages\/570\/revisions\/4000"}],"wp:attachment":[{"href":"https:\/\/kinkyclub.fr\/index.php\/wp-json\/wp\/v2\/media?parent=570"}],"curies":[{"name":"wp","href":"https:\/\/api.w.org\/{rel}","templated":true}]}}